{"id":21348,"date":"2019-12-10T07:30:48","date_gmt":"2019-12-10T06:30:48","guid":{"rendered":"https:\/\/neuromarketinginstitut.com\/eng\/?page_id=21348"},"modified":"2025-12-22T10:30:59","modified_gmt":"2025-12-22T09:30:59","slug":"published-research","status":"publish","type":"page","link":"https:\/\/neuromarketinginstitut.com\/eng\/published-research\/","title":{"rendered":"Published Research"},"content":{"rendered":"<section class=\"hcode-row-1\"><div class=\"container\"><div class=\"row\"><div class=\"wpb_column hcode-column-container text-center vc_col-sm-12 col-xs-mobile-fullwidth\" data-front-class=\"text-center col-xs-mobile-fullwidth\"><div class=\"vc-column-innner-wrapper\"><h3 class=\"section-title hcode-heading-1 black-text\">PUBLISHED RESEARCH<\/h3><\/div><\/div><\/div><\/div><\/section><section class=\"hcode-row-2\"><div class=\"container\"><div class=\"row\"><div class=\"wpb_column hcode-column-container text-center vc_col-sm-2 col-xs-mobile-fullwidth\" data-front-class=\"text-center col-xs-mobile-fullwidth\"><div class=\"vc-column-innner-wrapper\"><\/div><\/div><div class=\"wpb_column hcode-column-container vc_col-sm-8 col-xs-mobile-fullwidth\" data-front-class=\"col-xs-mobile-fullwidth\"><div class=\"vc-column-innner-wrapper\"><div class=\"justify o-institutu link-tekst\"><div class=\"wpb_text_column wpb_content_element \">\n<div class=\"wpb_wrapper\">\n<h3>2025<\/h3>\n<ul style=\"font-weight: 400;\">\n<li>\u0160ola, H. M., Khawaja, S., &amp; Qureshi, F. H. (2025). Neuroscientific analysis of logo design: Implications for luxury brand marketing.\u00a0<em>Behavioral Sciences, 15<\/em>(4), 502, 1-45.\u00a0<a href=\"https:\/\/www.mdpi.com\/2076-328X\/15\/4\/502?utm_source=chatgpt.com\" target=\"_blank\" rel=\"noopener\" data-saferedirecturl=\"https:\/\/www.google.com\/url?q=https:\/\/www.mdpi.com\/2076-328X\/15\/4\/502?utm_source%3Dchatgpt.com&amp;source=gmail&amp;ust=1758354974702000&amp;usg=AOvVaw19mUUseFlzVnr_JDSDyadO\">https:\/\/www.mdpi.com\/2076-328X\/15\/4\/502<\/a><\/li>\n<li>\u0160ola, H. M., Qureshi, F. H., &amp; Khawaja, S. (2025). Human-Centred Design Meets AI-driven Algorithms: Comparative Analysis of Political Campaign Branding in the Harris\u2013Trump Presidential Campaigns.\u00a0<em>Informatics, 12<\/em>(1), 30, 1-37.\u00a0<a href=\"https:\/\/doi.org\/10.3390\/informatics12010030?utm_source=chatgpt.com\" target=\"_blank\" rel=\"noopener\" data-saferedirecturl=\"https:\/\/www.google.com\/url?q=https:\/\/doi.org\/10.3390\/informatics12010030?utm_source%3Dchatgpt.com&amp;source=gmail&amp;ust=1758354974702000&amp;usg=AOvVaw1WHz7EMfBE9Du0Yupxay73\">https:\/\/doi.org\/10.3390\/informatics12010030<\/a><\/li>\n<li>\u0160ola, H. M., Qureshi, F. H., &amp; Khawaja, S. (2025). AI and Eye Tracking Reveal Design Elements\u2019 Impact on E-magazine Reader Engagement.\u00a0<em>Education Sciences, 15<\/em>(2), 203, 1-38.\u00a0<a href=\"https:\/\/doi.org\/10.3390\/educsci15020203?utm_source=chatgpt.com\" target=\"_blank\" rel=\"noopener\" data-saferedirecturl=\"https:\/\/www.google.com\/url?q=https:\/\/doi.org\/10.3390\/educsci15020203?utm_source%3Dchatgpt.com&amp;source=gmail&amp;ust=1758354974702000&amp;usg=AOvVaw077vIZwqtwjp9Blrxgc_-k\">https:\/\/doi.org\/10.3390\/educsci15020203<\/a><\/li>\n<\/ul>\n<\/div>\n<\/div>\n<\/div><div class=\"justify o-institutu link-tekst\"><div class=\"wpb_text_column wpb_content_element \">\n<div class=\"wpb_wrapper\">\n<h3>2024<\/h3>\n<ul style=\"font-weight: 400;\">\n<li>\u0160ola, H. M., Qureshi, F. H., &amp; Khawaja, S. (2024). AI-Powered Eye Tracking for Bias Detection in Online Course Reviews: A Udemy Case Study.\u00a0<em>Big Data and Cognitive Computing, 8<\/em>(11), 144, 1\u201322.\u00a0<a href=\"https:\/\/doi.org\/10.3390\/bdcc8110144?utm_source=chatgpt.com\" target=\"_blank\" rel=\"noopener\" data-saferedirecturl=\"https:\/\/www.google.com\/url?q=https:\/\/doi.org\/10.3390\/bdcc8110144?utm_source%3Dchatgpt.com&amp;source=gmail&amp;ust=1758354974702000&amp;usg=AOvVaw1XPWzkdG8SknsCIuQ8Kxb4\">https:\/\/doi.org\/10.3390\/bdcc8110144<\/a><\/li>\n<li>\u0160ola, H. M., Qureshi, F. H., &amp; Khawaja, S. (2024). AI Eye-Tracking Technology: A New Era in Managing Cognitive Loads for Online Learners.\u00a0<em>Education Sciences, 14<\/em>(9), 933, 1\u201325.\u00a0<a href=\"https:\/\/doi.org\/10.3390\/educsci14090933?utm_source=chatgpt.com\" target=\"_blank\" rel=\"noopener\" data-saferedirecturl=\"https:\/\/www.google.com\/url?q=https:\/\/doi.org\/10.3390\/educsci14090933?utm_source%3Dchatgpt.com&amp;source=gmail&amp;ust=1758354974703000&amp;usg=AOvVaw1LzyVBxKtmfZQicv8RIoaG\">https:\/\/doi.org\/10.3390\/educsci14090933<\/a><\/li>\n<li>\u0160ola, H. M., Qureshi, F. H., &amp; Khawaja, S. (2024). Predicting Behaviour Patterns in Online and PDF Magazines with AI Eye-Tracking.\u00a0<em>Behavioral Sciences, 14<\/em>(8), 677, 1\u201328.\u00a0<a href=\"https:\/\/doi.org\/10.3390\/bs14080677?utm_source=chatgpt.com\" target=\"_blank\" rel=\"noopener\" data-saferedirecturl=\"https:\/\/www.google.com\/url?q=https:\/\/doi.org\/10.3390\/bs14080677?utm_source%3Dchatgpt.com&amp;source=gmail&amp;ust=1758354974703000&amp;usg=AOvVaw2L_iBIB7P4FLxKB_F6whpS\">https:\/\/doi.org\/10.3390\/bs14080677<\/a><\/li>\n<li>\u0160ola, H. M., Qureshi, F. H., &amp; Khawaja, S. (2024). Exploring the Untapped Potential of Neuromarketing in Online Learning: Implications and Challenges for the Higher Education Sector in Europe.\u00a0<em>Behavioral Sciences, Sec. Cognition, 14<\/em>(2), 80, 1\u201327.\u00a0<a href=\"https:\/\/doi.org\/10.3390\/bs14020080?utm_source=chatgpt.com\" target=\"_blank\" rel=\"noopener\" data-saferedirecturl=\"https:\/\/www.google.com\/url?q=https:\/\/doi.org\/10.3390\/bs14020080?utm_source%3Dchatgpt.com&amp;source=gmail&amp;ust=1758354974703000&amp;usg=AOvVaw32Q7E7Q_Q9pDLCP2d501hO\">https:\/\/doi.org\/10.3390\/bs14020080<\/a><\/li>\n<\/ul>\n<\/div>\n<\/div>\n<\/div><div class=\"justify o-institutu link-tekst\"><div class=\"wpb_text_column wpb_content_element \">\n<div class=\"wpb_wrapper\">\n<h3>2023<\/h3>\n<ul style=\"font-weight: 400;\">\n<li>\u0160ola, H. M., Qureshi, F. H., &amp; Khawaja, S. (2023). Eye-tracking analysis: College website visual impact on emotional responses reflected on subconscious preferences. <em>International Journal of Advanced Computer Science and Applications, 14<\/em>(1), 1\u201311.\u00a0<span lang=\"HR\"><a href=\"https:\/\/doi.org\/10.14569\/IJACSA.2023.0140101?utm_source=chatgpt.com\" target=\"_blank\" rel=\"noopener\" data-saferedirecturl=\"https:\/\/www.google.com\/url?q=https:\/\/doi.org\/10.14569\/IJACSA.2023.0140101?utm_source%3Dchatgpt.com&amp;source=gmail&amp;ust=1758354974703000&amp;usg=AOvVaw0uWUkLHpIQ_cIxwdlH-VqS\"><span lang=\"EN-US\">https:\/\/doi.org\/10.14569\/<wbr \/>IJACSA.2023.0140101<\/span><\/a><\/span><\/li>\n<\/ul>\n<\/div>\n<\/div>\n<\/div><div class=\"justify o-institutu link-tekst\"><div class=\"wpb_text_column wpb_content_element \">\n<div class=\"wpb_wrapper\">\n<h3>2022<\/h3>\n<ul>\n<li>\u0160ola, H. M., Qureshi, F. H., &amp; Khawaja, S. (2022). The Effect of Facebook Page Design on Emotion Change and Behavioral Engagement: Neuromarketing research in higher education.\u00a0<em>COJ Robotics &amp; Artificial Intelligence, 2<\/em>(4), 000541. <a href=\"https:\/\/crimsonpublishers.com\/cojra\/fulltext\/COJRA.000541.php\" target=\"_blank\" rel=\"noopener\">https:\/\/crimsonpublishers.com\/cojra\/fulltext\/COJRA.000541.php<\/a><\/li>\n<li>Khawaja, S., Qureshi, F. H., \u0160ola, H. M., et al. (2022).\u00a0<em>OBC Research Book. Volume 1<\/em>\u00a0(pp. 89\u2013113). Woodston: Book Printing UK Remus House.\u00a0<a href=\"https:\/\/ijphe.co.uk\/books\/\" target=\"_blank\" rel=\"noopener\" data-saferedirecturl=\"https:\/\/www.google.com\/url?q=https:\/\/ijphe.co.uk\/books\/&amp;source=gmail&amp;ust=1758354974703000&amp;usg=AOvVaw1rG4sxvyHXjXmr8SdyNjwJ\">https:\/\/ijphe.co.uk\/books\/<\/a><\/li>\n<li>\u0160ola, H. M., Gajdo\u0161 Kljusuri\u0107, J., &amp; Ron\u010devi\u0107, I. (2022). The impact of bio-label on the decision-making behavior.\u00a0<em>Frontiers in Sustainable Food Systems, 6<\/em>, 1002521, 1\u201315.\u00a0<a href=\"https:\/\/doi.org\/10.3389\/fsufs.2022.1002521\" target=\"_blank\" rel=\"noopener\" data-saferedirecturl=\"https:\/\/www.google.com\/url?q=https:\/\/doi.org\/10.3389\/fsufs.2022.1002521&amp;source=gmail&amp;ust=1758354974703000&amp;usg=AOvVaw3wkjJ8K1tl1L00lWwoTO1R\">https:\/\/doi.org\/10.3389\/fsufs.2022.1002521<\/a><\/li>\n<li>\u0160ola, H. M., Mikac, M., &amp; Ron\u010devi\u0107, I. (2022). Tracking unconscious responses to visual stimuli to better understand a pattern of human behavior on a Facebook page.\u00a0<em>Journal of Innovation &amp; Knowledge, 7<\/em>(1), 100166, 1\u20139.\u00a0<a href=\"https:\/\/doi.org\/10.1016\/j.jik.2022.100166?utm_source=chatgpt.com\" target=\"_blank\" rel=\"noopener\" data-saferedirecturl=\"https:\/\/www.google.com\/url?q=https:\/\/doi.org\/10.1016\/j.jik.2022.100166?utm_source%3Dchatgpt.com&amp;source=gmail&amp;ust=1758354974703000&amp;usg=AOvVaw3bagpJt4wvxYjRKcVU4w2p\">https:\/\/doi.org\/10.1016\/j.jik.2022.100166<\/a><\/li>\n<\/ul>\n<\/div>\n<\/div>\n<\/div><div class=\"justify o-institutu link-tekst\"><div class=\"wpb_text_column wpb_content_element \">\n<div class=\"wpb_wrapper\">\n<h3>2021<\/h3>\n<ul>\n<li>\u0160ola, H. M., &amp; Zia, T. (2021). Social media and students\u2019 choice of higher education institution.\u00a0<em>European Journal of Management and Marketing Studies, 6<\/em>(4), 1-29.\u00a0<a href=\"https:\/\/doi.org\/10.46827\/ejmms.v6i4.1160?utm_source=chatgpt.com\" target=\"_blank\" rel=\"noopener\" data-saferedirecturl=\"https:\/\/www.google.com\/url?q=https:\/\/doi.org\/10.46827\/ejmms.v6i4.1160?utm_source%3Dchatgpt.com&amp;source=gmail&amp;ust=1758354974703000&amp;usg=AOvVaw2JtsMNMJMPlLKuCuCXiSPK\">https:\/\/doi.org\/10.46827\/ejmms.v6i4.1160<\/a><\/li>\n<li>\u0160ola, H. M., Qureshi, F. H., &amp; Khawaja, S. (2021). Applied management post-COVID19: Implications for academic managers in private higher education, beyond crises.\u00a0<em>European Journal of Education Studies, 8<\/em>(10), 1-21.\u00a0<a href=\"https:\/\/doi.org\/10.46827\/ejes.v8i10.3953?utm_source=chatgpt.com\" target=\"_blank\" rel=\"noopener\" data-saferedirecturl=\"https:\/\/www.google.com\/url?q=https:\/\/doi.org\/10.46827\/ejes.v8i10.3953?utm_source%3Dchatgpt.com&amp;source=gmail&amp;ust=1758354974703000&amp;usg=AOvVaw1l-aEHVeEt0hURLUkudqqD\">https:\/\/doi.org\/10.46827\/ejes.v8i10.3953<\/a><\/li>\n<li>\u0160ola, H. M., Steidl, P., Mikac, M., Qureshi, F. H., &amp; Khawaja, S. (2021). How neuroscience-based research methodologies can deliver new insights to marketers.\u00a0<em>International Journal of Social Science and Human Research, 4<\/em>(10), 1-10.\u00a0<a href=\"https:\/\/doi.org\/10.47191\/ijsshr\/v4-i10-41\" target=\"_blank\" rel=\"noopener\" data-saferedirecturl=\"https:\/\/www.google.com\/url?q=https:\/\/doi.org\/10.47191\/ijsshr\/v4-i10-41&amp;source=gmail&amp;ust=1758354974703000&amp;usg=AOvVaw044YAa0SpeL2m0e0tHZGOL\"><strong>https:\/\/doi.org\/10.47191\/ijsshr\/v4-i10-41<\/strong><\/a><\/li>\n<li style=\"font-weight: 400;\">\u0160ola, H. M., Qureshi, F. H., &amp; Khawaja, S. (2021). Enhancing the motivation and learning performance in an online classroom with the use of neuromarketing. <em>European Journal of Management and Marketing Studies, 7<\/em>(1), 1\u201325.\u00a0<a href=\"https:\/\/doi.org\/10.46827\/ejmms.v7i1.1169?utm_source=chatgpt.com\" target=\"_blank\" rel=\"noopener\" data-saferedirecturl=\"https:\/\/www.google.com\/url?q=https:\/\/doi.org\/10.46827\/ejmms.v7i1.1169?utm_source%3Dchatgpt.com&amp;source=gmail&amp;ust=1758354974703000&amp;usg=AOvVaw3Apu3ooCCMYMNjZiNxu97l\">https:\/\/doi.org\/10.46827\/ejmms.v7i1.1169<\/a><\/li>\n<\/ul>\n<\/div>\n<\/div>\n<\/div><div class=\"justify o-institutu link-tekst\"><div class=\"wpb_text_column wpb_content_element \">\n<div class=\"wpb_wrapper\">\n<h3>2018\u20132017 | Books<\/h3>\n<ul>\n<li>\n<p style=\"font-weight: 400;\">\u0160ola, H. M. (2018). <em>Neuromarketing Armoury<\/em>\u00a0(Vol. 4). Neuromarketing Science and Business Association Publication Series. Amazon Kindle Direct Publishing.\u00a0<a href=\"https:\/\/amzn.to\/2ERbWj2?utm_source=chatgpt.com\" target=\"_blank\" rel=\"noopener\" data-saferedirecturl=\"https:\/\/www.google.com\/url?q=https:\/\/amzn.to\/2ERbWj2?utm_source%3Dchatgpt.com&amp;source=gmail&amp;ust=1758354974703000&amp;usg=AOvVaw1brSNldrDA-74AhgvJIsji\">https:\/\/amzn.to\/2ERbWj2<\/a><\/p>\n<\/li>\n<li>\n<p style=\"font-weight: 400;\">\u0160ola, H. M. (2017).\u00a0<em>Neuromarketing Armoury<\/em>\u00a0(Vol. 4). Neuromarketing Science and Business Association Publication Series. CreateSpace Independent Publishing Platform. ISBN: 9781543261899.\u00a0<a href=\"https:\/\/www.amazon.com\/dp\/1543261892?utm_source=chatgpt.com\" target=\"_blank\" rel=\"noopener\" data-saferedirecturl=\"https:\/\/www.google.com\/url?q=https:\/\/www.amazon.com\/dp\/1543261892?utm_source%3Dchatgpt.com&amp;source=gmail&amp;ust=1758354974703000&amp;usg=AOvVaw0HcypfnOYc7m7eJWTMT-ev\">https:\/\/www.amazon.com\/dp\/1543261892<\/a><\/p>\n<\/li>\n<\/ul>\n<\/div>\n<\/div>\n<\/div><div class=\"justify o-institutu link-tekst\"><div class=\"wpb_text_column wpb_content_element \">\n<div class=\"wpb_wrapper\">\n<h3>2016\u20132014<\/h3>\n<ul>\n<li>\n<p style=\"font-weight: 400;\">\u0160ola, H. M. (2016).\u00a0<em>Marketin\u0161ka oru\u017earnica<\/em>. Split: Redak. ISBN: 978-953-336-312-7.\u00a0<a href=\"https:\/\/webknjizara.hr\/proizvod\/marketinska-oruzarnica-hedda-martina-sola-dr-sc\/\" target=\"_blank\" rel=\"noopener\" data-saferedirecturl=\"https:\/\/www.google.com\/url?q=https:\/\/webknjizara.hr\/proizvod\/marketinska-oruzarnica-hedda-martina-sola-dr-sc\/&amp;source=gmail&amp;ust=1758354974703000&amp;usg=AOvVaw04NMJvV4QHmwqazCod48NY\">https:\/\/webknjizara.hr\/proizvod\/marketinska-oruzarnica-hedda-martina-sola-dr-sc\/<\/a><\/p>\n<\/li>\n<li>\n<p style=\"font-weight: 400;\">\u0160ola, H. M. (2015). Management changes in economic recession.\u00a0<em>Putokazi, 3<\/em>(2), 1\u201316. Sveu\u010dili\u0161te Hercegovina.<\/p>\n<\/li>\n<li>\n<p style=\"font-weight: 400;\">\u0160ola, H. M. (2015). SWOT analysis of the Republic of Croatia as an investment destination.\u00a0<em>FIP Scientific Journal of Effectus College for Law and Finance, 2<\/em>(1), 79\u201390.\u00a0<a href=\"https:\/\/hrcak.srce.hr\/161641?utm_source=chatgpt.com\" target=\"_blank\" rel=\"noopener\" data-saferedirecturl=\"https:\/\/www.google.com\/url?q=https:\/\/hrcak.srce.hr\/161641?utm_source%3Dchatgpt.com&amp;source=gmail&amp;ust=1758354974703000&amp;usg=AOvVaw2KetXrpsO0BAmhE06T6GaP\">https:\/\/hrcak.srce.hr\/161641<\/a><\/p>\n<\/li>\n<li>\n<p style=\"font-weight: 400;\">\u0160ola, H. M. (2014). Neuromarketing\u2014science and practice.\u00a0<em>FIP Scientific Journal of Effectus College for Law and Finance, 1<\/em>(1), 25\u201335.\u00a0<a href=\"https:\/\/hrcak.srce.hr\/155651?utm_source=chatgpt.com\" target=\"_blank\" rel=\"noopener\" data-saferedirecturl=\"https:\/\/www.google.com\/url?q=https:\/\/hrcak.srce.hr\/155651?utm_source%3Dchatgpt.com&amp;source=gmail&amp;ust=1758354974703000&amp;usg=AOvVaw1qyHRDHV8E0HODgzXNALMt\">https:\/\/hrcak.srce.hr\/155651<\/a><\/p>\n<\/li>\n<\/ul>\n<\/div>\n<\/div>\n<\/div><\/div><\/div><div class=\"wpb_column hcode-column-container vc_col-sm-2 col-xs-mobile-fullwidth\" data-front-class=\"col-xs-mobile-fullwidth\"><div class=\"vc-column-innner-wrapper\"><\/div><\/div><\/div><\/div><\/section><section class=\" vc_custom_1633016462804 hcode-row-3\"><div class=\"container\"><div class=\"row\"><div class=\"wpb_column hcode-column-container text-center vc_col-sm-2 col-xs-mobile-fullwidth\" data-front-class=\"text-center col-xs-mobile-fullwidth\"><div class=\"vc-column-innner-wrapper\"><\/div><\/div><div class=\"wpb_column hcode-column-container vc_col-sm-2 col-xs-mobile-fullwidth\" data-front-class=\"col-xs-mobile-fullwidth\"><div class=\"vc-column-innner-wrapper\">[vc_single_image image=\"22739\" img_size=\"full\" onclick=\"link_image\" css=\"\"]<\/div><\/div><div class=\"wpb_column hcode-column-container vc_col-sm-2 col-xs-mobile-fullwidth\" data-front-class=\"col-xs-mobile-fullwidth\"><div class=\"vc-column-innner-wrapper\">[vc_single_image image=\"22734\" img_size=\"full\" onclick=\"link_image\" css=\"\"]<\/div><\/div><div class=\"wpb_column hcode-column-container vc_col-sm-2 col-xs-mobile-fullwidth\" data-front-class=\"col-xs-mobile-fullwidth\"><div class=\"vc-column-innner-wrapper\">[vc_single_image image=\"22724\" img_size=\"full\" onclick=\"link_image\" css=\"\"]<\/div><\/div><div class=\"wpb_column hcode-column-container vc_col-sm-2 col-xs-mobile-fullwidth\" data-front-class=\"col-xs-mobile-fullwidth\"><div class=\"vc-column-innner-wrapper\">[vc_single_image image=\"22702\" img_size=\"full\" onclick=\"link_image\" css=\"\"]<\/div><\/div><div class=\"wpb_column hcode-column-container vc_col-sm-2 col-xs-mobile-fullwidth\" data-front-class=\"col-xs-mobile-fullwidth\"><div class=\"vc-column-innner-wrapper\"><\/div><\/div><\/div><\/div><\/section><section class=\" vc_custom_1633016462804 hcode-row-4\"><div class=\"container\"><div class=\"row\"><div class=\"wpb_column hcode-column-container text-center vc_col-sm-2 col-xs-mobile-fullwidth\" data-front-class=\"text-center col-xs-mobile-fullwidth\"><div class=\"vc-column-innner-wrapper\"><\/div><\/div><div class=\"wpb_column hcode-column-container vc_col-sm-2 col-xs-mobile-fullwidth\" data-front-class=\"col-xs-mobile-fullwidth\"><div class=\"vc-column-innner-wrapper\">[vc_single_image image=\"22683\" img_size=\"full\" onclick=\"link_image\" css=\"\"]<\/div><\/div><div class=\"wpb_column hcode-column-container vc_col-sm-2 col-xs-mobile-fullwidth\" data-front-class=\"col-xs-mobile-fullwidth\"><div class=\"vc-column-innner-wrapper\">[vc_single_image image=\"22678\" img_size=\"full\" onclick=\"link_image\" css=\"\"]<\/div><\/div><div class=\"wpb_column hcode-column-container vc_col-sm-2 col-xs-mobile-fullwidth\" data-front-class=\"col-xs-mobile-fullwidth\"><div class=\"vc-column-innner-wrapper\">[vc_single_image image=\"22679\" img_size=\"full\" onclick=\"link_image\" css=\"\"]<\/div><\/div><div class=\"wpb_column hcode-column-container vc_col-sm-2 col-xs-mobile-fullwidth\" data-front-class=\"col-xs-mobile-fullwidth\"><div class=\"vc-column-innner-wrapper\">[vc_single_image image=\"21877\" img_size=\"full\" onclick=\"link_image\"]<\/div><\/div><div class=\"wpb_column hcode-column-container vc_col-sm-2 col-xs-mobile-fullwidth\" data-front-class=\"col-xs-mobile-fullwidth\"><div class=\"vc-column-innner-wrapper\"><\/div><\/div><\/div><\/div><\/section><section class=\" vc_custom_1633016462804 hcode-row-5\"><div class=\"container\"><div class=\"row\"><div class=\"wpb_column hcode-column-container text-center vc_col-sm-2 col-xs-mobile-fullwidth\" data-front-class=\"text-center col-xs-mobile-fullwidth\"><div class=\"vc-column-innner-wrapper\"><\/div><\/div><div class=\"wpb_column hcode-column-container vc_col-sm-2 col-xs-mobile-fullwidth\" data-front-class=\"col-xs-mobile-fullwidth\"><div class=\"vc-column-innner-wrapper\">[vc_single_image image=\"21865\" img_size=\"full\" onclick=\"link_image\"]<\/div><\/div><div class=\"wpb_column hcode-column-container vc_col-sm-2 col-xs-mobile-fullwidth\" data-front-class=\"col-xs-mobile-fullwidth\"><div class=\"vc-column-innner-wrapper\">[vc_single_image image=\"21866\" img_size=\"full\" onclick=\"link_image\"]<\/div><\/div><div class=\"wpb_column hcode-column-container vc_col-sm-2 col-xs-mobile-fullwidth\" data-front-class=\"col-xs-mobile-fullwidth\"><div class=\"vc-column-innner-wrapper\">[vc_single_image image=\"21867\" img_size=\"full\" onclick=\"link_image\"]<\/div><\/div><div class=\"wpb_column hcode-column-container vc_col-sm-2 col-xs-mobile-fullwidth\" data-front-class=\"col-xs-mobile-fullwidth\"><div class=\"vc-column-innner-wrapper\">[vc_single_image image=\"21864\" img_size=\"full\" onclick=\"link_image\"]<\/div><\/div><div class=\"wpb_column hcode-column-container vc_col-sm-2 col-xs-mobile-fullwidth\" data-front-class=\"col-xs-mobile-fullwidth\"><div class=\"vc-column-innner-wrapper\"><\/div><\/div><\/div><\/div><\/section><section class=\" vc_custom_1633016462804 hcode-row-6\"><div class=\"container\"><div class=\"row\"><div class=\"wpb_column hcode-column-container text-center vc_col-sm-2 col-xs-mobile-fullwidth\" data-front-class=\"text-center col-xs-mobile-fullwidth\"><div class=\"vc-column-innner-wrapper\"><\/div><\/div><div class=\"wpb_column hcode-column-container vc_col-sm-2 col-xs-mobile-fullwidth\" data-front-class=\"col-xs-mobile-fullwidth\"><div class=\"vc-column-innner-wrapper\">[vc_single_image image=\"21838\" img_size=\"full\" onclick=\"link_image\"]<\/div><\/div><div class=\"wpb_column hcode-column-container vc_col-sm-2 col-xs-mobile-fullwidth\" data-front-class=\"col-xs-mobile-fullwidth\"><div class=\"vc-column-innner-wrapper\">[vc_single_image image=\"21831\" img_size=\"full\" onclick=\"link_image\"]<\/div><\/div><div class=\"wpb_column hcode-column-container vc_col-sm-2 col-xs-mobile-fullwidth\" data-front-class=\"col-xs-mobile-fullwidth\"><div class=\"vc-column-innner-wrapper\"><\/div><\/div><div class=\"wpb_column hcode-column-container vc_col-sm-2 col-xs-mobile-fullwidth\" data-front-class=\"col-xs-mobile-fullwidth\"><div class=\"vc-column-innner-wrapper\"><\/div><\/div><div class=\"wpb_column hcode-column-container vc_col-sm-2 col-xs-mobile-fullwidth\" data-front-class=\"col-xs-mobile-fullwidth\"><div class=\"vc-column-innner-wrapper\"><\/div><\/div><\/div><\/div><\/section><section class=\"padding-two-tb\"><div class=\"container\"><div class=\"row\"><div class=\"wpb_column hcode-column-container text-center vc_col-sm-12 col-xs-mobile-fullwidth\" data-front-class=\"text-center col-xs-mobile-fullwidth\"><div class=\"vc-column-innner-wrapper\"><div class=\"hcode-text-1\"><p style=\"text-align: center;\"><ul class=\"social-icons-lists icons-background-none\">\n\n\t\t\t\n\t\t\t\t<li class=\"social-icons-list-item\">\n\t\t\t\t\t<a href=\"https:\/\/www.facebook.com\/neuromarketinginstitut\/\" target=\"_blank\"  class=\"social-icon\">\n\t\t\t\t\t\t<span class=\"socicon socicon-facebook\" style=\"padding: 10px; font-size: 20px; color: #3e5b98\"><\/span>\n\n\t\t\t\t\t\t\t\t\t\t\t<\/a>\n\t\t\t\t<\/li>\n\n\t\t\t\n\t\t\t\t<li class=\"social-icons-list-item\">\n\t\t\t\t\t<a href=\"https:\/\/www.instagram.com\/neuromarketing.ip.institute\/\" target=\"_blank\"  class=\"social-icon\">\n\t\t\t\t\t\t<span class=\"socicon socicon-instagram\" style=\"padding: 10px; font-size: 20px; color: #9c7c6e\"><\/span>\n\n\t\t\t\t\t\t\t\t\t\t\t<\/a>\n\t\t\t\t<\/li>\n\n\t\t\t\n\t\t\t\t<li class=\"social-icons-list-item\">\n\t\t\t\t\t<a href=\"https:\/\/www.linkedin.com\/company\/institute-for-neuromarketing\/\" target=\"_blank\"  class=\"social-icon\">\n\t\t\t\t\t\t<span class=\"socicon socicon-linkedin\" style=\"padding: 10px; font-size: 20px; color: #3371b7\"><\/span>\n\n\t\t\t\t\t\t\t\t\t\t\t<\/a>\n\t\t\t\t<\/li>\n\n\t\t\t\n\t\t\t\t<li class=\"social-icons-list-item\">\n\t\t\t\t\t<a href=\"https:\/\/www.youtube.com\/channel\/UCeskC7r4qvSXSxfr3_OElLA?view_as=subscriber\" target=\"_blank\"  class=\"social-icon\">\n\t\t\t\t\t\t<span class=\"socicon socicon-youtube\" style=\"padding: 10px; font-size: 20px; color: #e02a20\"><\/span>\n\n\t\t\t\t\t\t\t\t\t\t\t<\/a>\n\t\t\t\t<\/li>\n\n\t\t\t\n\t\t\t\t<li class=\"social-icons-list-item\">\n\t\t\t\t\t<a href=\"https:\/\/twitter.com\/neuro_institute\" target=\"_blank\"  class=\"social-icon\">\n\t\t\t\t\t\t<span class=\"socicon socicon-twitter\" style=\"padding: 10px; font-size: 20px; color: #4da7de\"><\/span>\n\n\t\t\t\t\t\t\t\t\t\t\t<\/a>\n\t\t\t\t<\/li>\n\n\t\t\t\n\t\t<\/ul><\/p>\n<\/div><\/div><\/div><\/div><\/div><\/section>","protected":false},"excerpt":{"rendered":"<p>PUBLISHED RESEARCH 2025 \u0160ola, H. M., Khawaja, S., &amp; Qureshi, F. H. (2025). Neuroscientific analysis of logo design: Implications for luxury brand marketing.\u00a0Behavioral Sciences, 15(4), 502, 1-45.\u00a0https:\/\/www.mdpi.com\/2076-328X\/15\/4\/502 \u0160ola, H. M., Qureshi, F. H., &amp; Khawaja, S. (2025). Human-Centred Design Meets AI-driven Algorithms: Comparative Analysis of Political Campaign Branding in the Harris\u2013Trump Presidential Campaigns.\u00a0Informatics, 12(1), 30, [&hellip;]<\/p>\n","protected":false},"author":5,"featured_media":0,"parent":0,"menu_order":0,"comment_status":"closed","ping_status":"closed","template":"","meta":{"inline_featured_image":false,"footnotes":""},"class_list":["post-21348","page","type-page","status-publish","hentry"],"_links":{"self":[{"href":"https:\/\/neuromarketinginstitut.com\/eng\/wp-json\/wp\/v2\/pages\/21348","targetHints":{"allow":["GET"]}}],"collection":[{"href":"https:\/\/neuromarketinginstitut.com\/eng\/wp-json\/wp\/v2\/pages"}],"about":[{"href":"https:\/\/neuromarketinginstitut.com\/eng\/wp-json\/wp\/v2\/types\/page"}],"author":[{"embeddable":true,"href":"https:\/\/neuromarketinginstitut.com\/eng\/wp-json\/wp\/v2\/users\/5"}],"replies":[{"embeddable":true,"href":"https:\/\/neuromarketinginstitut.com\/eng\/wp-json\/wp\/v2\/comments?post=21348"}],"version-history":[{"count":51,"href":"https:\/\/neuromarketinginstitut.com\/eng\/wp-json\/wp\/v2\/pages\/21348\/revisions"}],"predecessor-version":[{"id":22797,"href":"https:\/\/neuromarketinginstitut.com\/eng\/wp-json\/wp\/v2\/pages\/21348\/revisions\/22797"}],"wp:attachment":[{"href":"https:\/\/neuromarketinginstitut.com\/eng\/wp-json\/wp\/v2\/media?parent=21348"}],"curies":[{"name":"wp","href":"https:\/\/api.w.org\/{rel}","templated":true}]}}